 2050 is divided by 114?
112
What is the remainder when 26983 is divided by 87?
13
What is the remainder when 5975 is divided by 2986?
3
What is the remainder when 6402 is divided by 3?
0
What is the remainder when 646050 is divided by 623?
622
What is the remainder when 886472 is divided by 152?
8
Calculate the remainder when 14682 is divided by 18.
12
Calculate the remainder when 98217 is divided by 5777.
8
What is the remainder when 6298 is divided by 82?
66
What is the remainder when 86141 is divided by 350?
41
What is the remainder when 14632 is divided by 93?
31
What is the remainder when 292874 is divided by 125?
124
What is the remainder when 160792 is divided by 28?
16
What is the remainder when 2674 is divided by 127?
7
What is the remainder when 4015 is divided by 1999?
17
Calculate the remainder when 274458 is divided by 68.
10
What is the remainder when 763 is divided by 104?
35
What is the remainder when 283405 is divided by 77?
45
What is the remainder when 3972 is divided by 3?
0
What is the remainder when 240941 is divided by 46?
39
What is the remainder when 23479 is divided by 5755?
459
Calculate the remainder when 3002 is divided by 576.
122
What is the remainder when 2124 is divided by 191?
23
Calculate the remainder when 3642 is divided by 152.
146
Calculate the remainder when 31795 is divided by 12.
7
Calculate the remainder when 707391 is divided by 115.
26
What is the remainder when 4054 is divided by 1328?
70
Calculate the remainder when 47520 is divided by 246.
42
What is the remainder when 17085 is divided by 989?
272
Calculate the remainder when 73789 is divided by 109.
105
Calculate the remainder when 3373 is divided by 299.
84
Calculate the remainder when 8734 is divided by 96.
94
What is the remainder when 43642 is divided by 63?
46
What is the remainder when 1198 is divided by 585?
28
What is the remainder when 1406 is divided by 456?
38
Calculate the remainder when 409166 is divided by 1387.
1
What is the remainder when 4370 is divided by 1091?
6
What is the remainder when 27137 is divided by 116?
109
What is the remainder when 78418 is divided by 30?
28
Calculate the remainder when 10324 is divided by 1131.
145
Calculate the remainder when 911643 is divided by 427.
425
Calculate the remainder when 1946 is divided by 763.
420
What is the remainder when 7773 is divided by 26?
25
Calculate the remainder when 10758 is divided by 2853.
2199
What is the remainder when 283 is divided by 22?
19
Calculate the remainder when 2369 is divided by 62.
13
What is the remainder when 25221 is divided by 248?
173
Calculate the remainder when 3548 is divided by 598.
558
Calculate the remainder when 759 is divided by 219.
102
Calculate the remainder when 28483 is divided by 9468.
79
Calculate the remainder when 1641856 is divided by 20.
16
Calculate the remainder when 3775 is divided by 659.
480
What is the remainder when 18171 is divided by 360?
171
What is the remainder when 27371 is divided by 116?
111
What is the remainder when 9563 is divided by 1996?
1579
What is the remainder when 30848 is divided by 5?
3
What is the remainder when 97929 is divided by 12?
9
What is the remainder when 4859 is divided by 4758?
101
What is the remainder when 2350698 is divided by 247?
246
What is the remainder when 44222 is divided by 3401?
9
Calculate the remainder when 1295 is divided by 135.
80
Calculate the remainder when 22063 is divided by 59.
56
Calculate the remainder when 538 is divided by 108.
106
Calculate the remainder when 9180 is divided by 1034.
908
Calculate the remainder when 55041 is divided by 33.
30
Calculate the remainder when 150916 is divided by 490.
486
What is the remainder when 12727 is divided by 1057?
43
What is the remainder when 8077 is divided by 167?
61
Calculate the remainder when 5633 is divided by 85.
23
What is the remainder when 78596 is divided by 19?
12
Calculate the remainder when 1551365 is divided by 517121.
2
Calculate the remainder when 8826 is divided by 469.
384
What is the remainder when 1287 is divided by 85?
12
Calculate the remainder when 423697 is divided by 10.
7
What is the remainder when 2834 is divided by 56?
34
What is the remainder when 35087 is divided by 35082?
5
What is the remainder when 4660 is divided by 111?
109
Calculate the remainder when 5538 is divided by 504.
498
What is the remainder when 2273 is divided by 2265?
8
What is the remainder when 20023 is divided by 409?
391
What is the remainder when 140547 is divided by 106?
97
Calculate the remainder when 4622 is divided by 1750.
1122
Calculate the remainder when 3462 is divided by 383.
15
What is the remainder when 421339 is divided by 1578?
13
What is the remainder when 923776 is divided by 1162?
1148
What is the remainder when 1398 is divided by 540?
318
What is the remainder when 26888 is divided by 26860?
28
What is the remainder when 12078 is divided by 80?
78
Calculate the remainder when 10941 is divided by 96.
93
What is the remainder when 267697 is divided by 225?
172
Calculate the remainder when 4312 is divided by 1006.
288
What is the remainder when 6229 is divided by 15?
4
Calculate the remainder when 17624 is divided by 1037.
1032
What is the remainder when 4791 is divided by 533?
527
What is the remainder when 14450 is divided by 303?
209
What is the remainder when 3962 is divided by 2840?
1122
What is the remainder when 1385 is divided by 685?
15
What is the remainder when 70000 is divided by 391?
11
What is the remainder when 24591 is divided by 60?
51
Calculate the remainder when 114394 is divided by 4.
2
What is the remainder when 121100 is divided by 34?
26
Calculate the remainder when 47398 is divided by 47395.
3
Calculate the remainder when 3479 is divided by 492.
35
Calculate the remainder when 2235 is divided by 823.
589
What is the remainder when 22306 is divided by 44?
42
Calculate the remainder when 197294 is divided by 97.
93
What is the remainder when 23592 is divided by 225?
192
Calculate the remainder when 6364 is divided by 378.
316
Calculate the remainder when 29191 is divided by 29169.
22
Calculate the remainder when 30644 is divided by 3829.
12
What is the remainder when 737491 is divided by 605?
601
What is the remainder when 1363 is divided by 335?
23
Calculate the remainder when 94612 is divided by 16.
4
What is the remainder when 3613 is divided by 151?
140
What is the remainder when 479735 is divided by 1156?
1151
What is the remainder when 115600 is divided by 78?
4
What is the remainder when 35093 is divided by 697?
243
Calculate the remainder when 1601 is divided by 1582.
19
What is the remainder when 20138 is divided by 760?
378
What is the remainder when 152048 is divided by 280?
8
Calculate the remainder when 39003 is divided by 101.
17
What is the remainder when 26419 is divided by 175?
169
What is the remainder when 63018 is divided by 52?
46
Calculate the remainder when 83256 is divided by 139.
134
What is the remainder when 34370 is divided by 17182?
6
What is the remainder when 25459 is divided by 207?
205
Calculate the remainder when 55174 is divided by 484.
482
Calculate the remainder when 69438 is divided by 320.
318
Calculate the remainder when 5029 is divided by 307.
117
Calculate the remainder when 23547 is divided by 23540.
7
What is the remainder when 217 is divided by 108?
1
Calculate the remainder when 725911 is divided by 226.
225
Calculate the remainder when 72284 is divided by 295.
9
Calculate the remainder when 113098 is divided by 62.
10
Calculate the remainder when 3968 is divided by 72.
8
What is the remainder when 86372 is divided by 68?
12
Calculate the remainder when 685745 is divided by 51.
50
Calculate the remainder when 8221 is divided by 256.
29
Calculate the remainder when 1642 is divided by 409.
6
What is the remainder when 176363 is divided by 284?
283
What is the remainder when 381888 is divided by 381874?
14
Calculate the remainder when 4376 is divided by 3.
2
What is the remainder when 183127 is divided by 41?
21
What is the remainder when 5985 is divided by 1192?
25
What is the remainder when 3595 is divided by 1789?
17
Calculate the remainder when 3269 is divided by 1.
0
What is the remainder when 6973 is divided by 104?
5
Calculate the re